{"id":3599,"date":"2021-04-30T13:50:00","date_gmt":"2021-04-30T13:50:00","guid":{"rendered":"https:\/\/teamstone.eu\/loja\/?post_type=product&#038;p=3599"},"modified":"2021-05-20T18:54:05","modified_gmt":"2021-05-20T18:54:05","slug":"gilet-bolero-portugal-made-in-portugal","status":"publish","type":"product","link":"https:\/\/teamstone.fr\/loja\/product\/gilet-bolero-portugal-made-in-portugal\/","title":{"rendered":"Gilet Bolero"},"content":{"rendered":"<p>[vc_row content_placement=&#8221;top&#8221;][vc_column][vc_column_text]<\/p>\n<p style=\"text-align: left;\">Ce charmant gilet Bolero est un compl\u00e9ment parfait pour porter avec votre pyjama.<\/p>\n<p style=\"text-align: left;\">Confortable, en maille Modal c\u00f4tel\u00e9e. Col ch\u00e2le avec lacet satin\u00e9.<\/p>\n<p style=\"text-align: left;\">Composition &amp; Soin:<br \/>\n&#8211; Gilet bolero en maille rib modal c\u00f4tel\u00e9e -47%Coton, 47% Modal, 6% Elastano<br \/>\n&#8211; Laver en\u00a0 machine\u00a0 \u00e0 l&#8217;eau froide<br \/>\n&#8211;\u00a0Laver les couleurs s\u00e9par\u00e9ment<br \/>\n&#8211;\u00a0Laver et repasse du c\u00f4t\u00e9 envers du produit<br \/>\n&#8211; Repasser \u00e0 basse temp\u00e9rature.<\/p>\n<p>[\/vc_column_text][vc_column_text]<\/p>\n<h5 style=\"text-align: center;\"><span style=\"color: #ff6600;\">Si ce produit est \u00e9puis\u00e9, pri\u00e8re de nous contacter par email <a style=\"color: #ff6600;\" href=\"mailto:info@teamstone.eu\"><span style=\"color: #003366;\">info@teamstone.eu<\/span><\/a><\/span><\/h5>\n<p>[\/vc_column_text][vc_column_text]<\/p>\n<h6><img loading=\"lazy\" class=\"alignnone wp-image-2914 size-full\" src=\"https:\/\/teamstone.eu\/loja\/wp-content\/uploads\/2017\/06\/reciclavel.png\" alt=\"\" width=\"50\" height=\"47\" \/><strong>Article recyclable; \u00e0 la \u201cfin de sa vie&#8221; peut \u00eatre d\u00e9pos\u00e9 dans un point de collecte<\/strong>.<\/h6>\n<p>[\/vc_column_text][\/vc_column][\/vc_row][vc_row el_id=&#8221;tamanhos&#8221;][vc_column][vc_empty_space height=&#8221;60px&#8221;][vc_tta_accordion style=&#8221;modern&#8221; active_section=&#8221;non-existing number&#8221; collapsible_all=&#8221;true&#8221;][vc_tta_section title=&#8221;Tableau des Tailles&#8221; tab_id=&#8221;1524225399024-c7e87548-dfdd&#8221;][vc_column_text]<\/p>\n<p style=\"text-align: center;\">Mesures de cet article<\/p>\n<p style=\"text-align: center;\">Toutes les mesures sont en centim\u00e8tres, avec une marge de 2\/3 centim\u00e8tres.<a href=\"https:\/\/teamstone.eu\/loja\/wp-content\/uploads\/2018\/09\/50774-Franc\u00eas.jpg\"><img loading=\"lazy\" class=\"size-medium wp-image-3787 aligncenter\" src=\"https:\/\/teamstone.eu\/loja\/wp-content\/uploads\/2018\/09\/50774-Franc\u00eas-300x66.jpg\" alt=\"\" width=\"300\" height=\"66\" srcset=\"https:\/\/teamstone.fr\/loja\/wp-content\/uploads\/2018\/09\/50774-Franc\u00eas-300x66.jpg 300w, https:\/\/teamstone.fr\/loja\/wp-content\/uploads\/2018\/09\/50774-Franc\u00eas-600x133.jpg 600w, https:\/\/teamstone.fr\/loja\/wp-content\/uploads\/2018\/09\/50774-Franc\u00eas-700x155.jpg 700w, https:\/\/teamstone.fr\/loja\/wp-content\/uploads\/2018\/09\/50774-Franc\u00eas-100x22.jpg 100w, https:\/\/teamstone.fr\/loja\/wp-content\/uploads\/2018\/09\/50774-Franc\u00eas-768x170.jpg 768w, https:\/\/teamstone.fr\/loja\/wp-content\/uploads\/2018\/09\/50774-Franc\u00eas-1024x227.jpg 1024w, https:\/\/teamstone.fr\/loja\/wp-content\/uploads\/2018\/09\/50774-Franc\u00eas-150x33.jpg 150w, https:\/\/teamstone.fr\/loja\/wp-content\/uploads\/2018\/09\/50774-Franc\u00eas.jpg 1287w\" sizes=\"(max-width: 300px) 100vw, 300px\" \/><\/a><\/p>\n<div class=\"guide\">\n<p>&nbsp;<\/p>\n<\/div>\n<p>[\/vc_column_text][\/vc_tta_section][\/vc_tta_accordion][\/vc_column][\/vc_row][vc_row][vc_column][\/vc_column][\/vc_row]<\/p>\n","protected":false},"excerpt":{"rendered":"<p>V\u00eatement de nuit indispensable et exquis.<br \/>\nMade in Portugal.<\/p>\n<h6><a href=\"#tamanhos\" rel=\"noopener\"><strong>Voir Tableau des Tailles<\/strong><\/a><\/h6>\n","protected":false},"featured_media":4837,"comment_status":"open","ping_status":"closed","template":"","meta":[],"_links":{"self":[{"href":"https:\/\/teamstone.fr\/loja\/wp-json\/wp\/v2\/product\/3599"}],"collection":[{"href":"https:\/\/teamstone.fr\/loja\/wp-json\/wp\/v2\/product"}],"about":[{"href":"https:\/\/teamstone.fr\/loja\/wp-json\/wp\/v2\/types\/product"}],"replies":[{"embeddable":true,"href":"https:\/\/teamstone.fr\/loja\/wp-json\/wp\/v2\/comments?post=3599"}],"wp:featuredmedia":[{"embeddable":true,"href":"https:\/\/teamstone.fr\/loja\/wp-json\/wp\/v2\/media\/4837"}],"wp:attachment":[{"href":"https:\/\/teamstone.fr\/loja\/wp-json\/wp\/v2\/media?parent=3599"}],"curies":[{"name":"wp","href":"https:\/\/api.w.org\/{rel}","templated":true}]}}