{"id":13254,"date":"2022-07-25T18:19:17","date_gmt":"2022-07-25T18:19:17","guid":{"rendered":"https:\/\/teamstone.eu\/loja\/?post_type=product&#038;p=13254"},"modified":"2023-01-30T16:52:08","modified_gmt":"2023-01-30T16:52:08","slug":"lot-de-8-serviettes-invite-30x30-cm-blanc-made-in-portugal-by-teamstone","status":"publish","type":"product","link":"https:\/\/teamstone.fr\/loja\/product\/lot-de-8-serviettes-invite-30x30-cm-blanc-made-in-portugal-by-teamstone\/","title":{"rendered":"Lot de 8 serviettes invit\u00e9 30&#215;30 cm, Blanc"},"content":{"rendered":"<p>[vc_row content_placement=&#8221;top&#8221;][vc_column][vc_column_text]<\/p>\n<p style=\"text-align: left;\">Serviette invit\u00e9 au toucher tr\u00e8s doux, en pur coton peign\u00e9 d\u2019une qualit\u00e9 d&#8217;absorption incomparable. Belle qualit\u00e9 d&#8217;\u00e9ponge avec finition liteau jacquard. Confort d&#8217;utilisation avec bouclette \u00e9ponge double face.<\/p>\n<p>[\/vc_column_text][vc_column_text]<\/p>\n<h5 style=\"text-align: center;\"><span style=\"color: #ff6600;\">Si ce produit est \u00e9puis\u00e9, pri\u00e8re de nous contacter par email <a style=\"color: #ff6600;\" href=\"mailto:info@teamstone.eu\"><span style=\"color: #003366;\">info@teamstone.eu<\/span><\/a><\/span><\/h5>\n<p>[\/vc_column_text][vc_column_text]<\/p>\n<h6><img loading=\"lazy\" class=\"alignnone wp-image-2914 size-full\" src=\"https:\/\/teamstone.eu\/loja\/wp-content\/uploads\/2017\/06\/reciclavel.png\" alt=\"\" width=\"50\" height=\"47\" \/><strong>Article recyclable; \u00e0 la \u201cfin de la vie&#8221; peut \u00eatre plac\u00e9 \u00e0 un point de collecte<\/strong>.<\/h6>\n<p>[\/vc_column_text][\/vc_column][\/vc_row][vc_row el_id=&#8221;tamanhos&#8221;][vc_column][vc_empty_space height=&#8221;60px&#8221;][vc_tta_accordion style=&#8221;modern&#8221; active_section=&#8221;non-existing number&#8221; collapsible_all=&#8221;true&#8221;][vc_tta_section title=&#8221;DETAILS&#8221; tab_id=&#8221;1524225399024-c7e87548-dfdd&#8221;][vc_column_text]<\/p>\n<div class=\"intro\">\n<p style=\"text-align: left;\">\u00c9ponge 100% coton 400 gr\/m2<\/p>\n<p style=\"text-align: left;\">Lot de 8 serviettes invit\u00e9 30&#215;30 cm<\/p>\n<ul>\n<li style=\"text-align: left;\">2 serviettes blancs liteau bleu<\/li>\n<li style=\"text-align: left;\">2 serviettes blancs liteau vert<\/li>\n<li style=\"text-align: left;\">2 serviettes blancs liteau fuchsia<\/li>\n<li style=\"text-align: left;\">2 serviettes blancs liteau violin<\/li>\n<\/ul>\n<p style=\"text-align: left;\">Dimensions : 30x30cm<\/p>\n<p style=\"text-align: left;\">PRECAUTIONS<\/p>\n<p style=\"text-align: left;\">Laver \u00e0 40\u00b0C<\/p>\n<p style=\"text-align: left;\">Ne pas utiliser d\u2019eau de javel<\/p>\n<p style=\"text-align: left;\">S\u00e9chage en machine utilisant un programme normal<\/p>\n<p style=\"text-align: left;\">Produits susceptibles de petites variations de taille<\/p>\n<\/div>\n<div class=\"guide\">\n<p>&nbsp;<\/p>\n<\/div>\n<p>[\/vc_column_text][\/vc_tta_section][\/vc_tta_accordion][\/vc_column][\/vc_row][vc_row][vc_column][\/vc_column][\/vc_row]<\/p>\n","protected":false},"excerpt":{"rendered":"<p><strong>Serviette invit\u00e9 au toucher tr\u00e8s doux, en pur coton peign\u00e9 d\u2019une qualit\u00e9 d&#8217;absorption incomparable.<br \/>\nMade in Portugal<\/strong><\/p>\n<h6><\/h6>\n","protected":false},"featured_media":13245,"comment_status":"open","ping_status":"closed","template":"","meta":[],"_links":{"self":[{"href":"https:\/\/teamstone.fr\/loja\/wp-json\/wp\/v2\/product\/13254"}],"collection":[{"href":"https:\/\/teamstone.fr\/loja\/wp-json\/wp\/v2\/product"}],"about":[{"href":"https:\/\/teamstone.fr\/loja\/wp-json\/wp\/v2\/types\/product"}],"replies":[{"embeddable":true,"href":"https:\/\/teamstone.fr\/loja\/wp-json\/wp\/v2\/comments?post=13254"}],"wp:featuredmedia":[{"embeddable":true,"href":"https:\/\/teamstone.fr\/loja\/wp-json\/wp\/v2\/media\/13245"}],"wp:attachment":[{"href":"https:\/\/teamstone.fr\/loja\/wp-json\/wp\/v2\/media?parent=13254"}],"curies":[{"name":"wp","href":"https:\/\/api.w.org\/{rel}","templated":true}]}}