{"id":11291,"date":"2021-04-23T11:09:11","date_gmt":"2021-04-23T11:09:11","guid":{"rendered":"https:\/\/teamstone.eu\/loja\/?post_type=product&#038;p=11291"},"modified":"2025-06-07T10:26:19","modified_gmt":"2025-06-07T10:26:19","slug":"ensemble-serviettes-de-bain-avec-liteau-jacquard-viscose-et-brode-corail-made-in-portugal-by-teamstone","status":"publish","type":"product","link":"https:\/\/teamstone.fr\/loja\/product\/ensemble-serviettes-de-bain-avec-liteau-jacquard-viscose-et-brode-corail-made-in-portugal-by-teamstone\/","title":{"rendered":"Ensemble serviettes de bain avec liteau jacquard viscose et  brod\u00e9, Corail"},"content":{"rendered":"<p>[vc_row content_placement=&#8221;top&#8221;][vc_column][vc_column_text]<\/p>\n<p style=\"text-align: left;\">Emsemble de serviettes de bain de QUALITE \u2013 En 100% pur coton peign\u00e9 avec un grammage 600 gr\/m2. D\u00e9coration de luxe avec liteau jacquard viscose et broderie monogramme. Enveloppez-vous dans ces serviettes extra soft, avec un excellent pouvoir d\u2019absorption d\u2019eau.<strong><br \/>\n<\/strong><\/p>\n<p style=\"text-align: left;\">Offrez un cadeau unique avec la broderie personnalis\u00e9e.<\/p>\n<p style=\"text-align: left;\">TeamStone vous propose des produits b\u00e9n\u00e9ficiant du label Oeko-Tex Standard 100, un label textile ind\u00e9pendant qui garantit l\u2019absence de substances nocives pour la sant\u00e9 et l\u2019environnement. Nos produits sont ainsi contr\u00f4l\u00e9s \u00e0 chaque \u00e9tape de fabrication et ne pr\u00e9sentent aucun risque pour la peau des adultes comme des plus jeunes enfants.<\/p>\n<p style=\"text-align: left;\">Nous vous recommandons de les laver avant leur utilisation. Les serviettes acqui\u00e8rent leur totale capacit\u00e9 d\u2019absorption apr\u00e8s leur premier lavage.<\/p>\n<p style=\"text-align: left;\">Garantie de contr\u00f4le de qualit\u00e9<br \/>\nFabriqu\u00e9 au Portugal<br \/>\nMade in Portugal<\/p>\n<p><strong>\u00a0<\/strong>[\/vc_column_text][vc_column_text]<\/p>\n<h5 style=\"text-align: center;\"><span style=\"color: #ff6600;\">Si ce produit est \u00e9puis\u00e9, pri\u00e8re de nous contacter par email <a style=\"color: #ff6600;\" href=\"mailto:info@teamstone.eu\"><span style=\"color: #003366;\">info@teamstone.eu<\/span><\/a><\/span><\/h5>\n<p>[\/vc_column_text][vc_column_text]<\/p>\n<h6><img loading=\"lazy\" class=\"alignnone wp-image-2914 size-full\" src=\"https:\/\/teamstone.eu\/loja\/wp-content\/uploads\/2017\/06\/reciclavel.png\" alt=\"\" width=\"50\" height=\"47\" \/><strong>Article recyclable; \u00e0 la \u201cfin de la vie&#8221; peut \u00eatre plac\u00e9 \u00e0 un point de collecte<\/strong>.<\/h6>\n<p>[\/vc_column_text][\/vc_column][\/vc_row][vc_row el_id=&#8221;tamanhos&#8221;][vc_column][vc_empty_space height=&#8221;60px&#8221;][vc_tta_accordion style=&#8221;modern&#8221; active_section=&#8221;non-existing number&#8221; collapsible_all=&#8221;true&#8221;][vc_tta_section title=&#8221;DETAILS&#8221; tab_id=&#8221;1524225399024-c7e87548-dfdd&#8221;][vc_column_text]<\/p>\n<div class=\"intro\">\n<p style=\"text-align: left;\">100% coton, 600 gr\/m2<\/p>\n<p style=\"text-align: left;\">Ensemble de 3 pi\u00e8ces:<br \/>\nDrap de bain : 100\u00d7150 cm<br \/>\nServiette de toilette : 50\u00d7100 cm<br \/>\nServiette d\u2019invit\u00e9 : 30\u00d750 cm<\/p>\n<p style=\"text-align: left;\">SOINS :<br \/>\nLaver \u00e0 30\u00b0C<br \/>\nNe pas utiliser de javel<br \/>\nS\u00e9cher en s\u00e8che-linge en utilisant le programme normal<\/p>\n<p style=\"text-align: left;\">Produit susceptible de porter de l\u00e9g\u00e8res variations de dimension.<\/p>\n<\/div>\n<div class=\"guide\">\n<p>&nbsp;<\/p>\n<\/div>\n<p>[\/vc_column_text][\/vc_tta_section][\/vc_tta_accordion][\/vc_column][\/vc_row][vc_row][vc_column][\/vc_column][\/vc_row]<\/p>\n","protected":false},"excerpt":{"rendered":"<p><strong>Emsemble de serviettes de bain de QUALITE \u2013 En 100% pur coton peign\u00e9 avec un grammage 600 gr\/m2. D\u00e9coration de luxe avec liteau jacquard viscose et broderie monogramme. Enveloppez-vous dans ces serviettes extra soft, avec un excellent pouvoir d\u2019absorption d\u2019eau.<br \/>\nMade in Portugal<\/strong><\/p>\n<p>&nbsp;<\/p>\n<h6><\/h6>\n","protected":false},"featured_media":11285,"comment_status":"open","ping_status":"closed","template":"","meta":[],"_links":{"self":[{"href":"https:\/\/teamstone.fr\/loja\/wp-json\/wp\/v2\/product\/11291"}],"collection":[{"href":"https:\/\/teamstone.fr\/loja\/wp-json\/wp\/v2\/product"}],"about":[{"href":"https:\/\/teamstone.fr\/loja\/wp-json\/wp\/v2\/types\/product"}],"replies":[{"embeddable":true,"href":"https:\/\/teamstone.fr\/loja\/wp-json\/wp\/v2\/comments?post=11291"}],"wp:featuredmedia":[{"embeddable":true,"href":"https:\/\/teamstone.fr\/loja\/wp-json\/wp\/v2\/media\/11285"}],"wp:attachment":[{"href":"https:\/\/teamstone.fr\/loja\/wp-json\/wp\/v2\/media?parent=11291"}],"curies":[{"name":"wp","href":"https:\/\/api.w.org\/{rel}","templated":true}]}}